85
What is the remainder when 3561 is divided by 444?
9
What is the remainder when 91 is divided by 23?
22
What is the remainder when 1358 is divided by 462?
434
What is the remainder when 563 is divided by 16?
3
Calculate the remainder when 84 is divided by 20.
4
Calculate the remainder when 3414 is divided by 90.
84
Calculate the remainder when 494 is divided by 54.
8
Calculate the remainder when 854 is divided by 843.
11
Calculate the remainder when 1681 is divided by 51.
49
Calculate the remainder when 287 is divided by 181.
106
What is the remainder when 3453 is divided by 13?
8
What is the remainder when 394 is divided by 19?
14
What is the remainder when 1070 is divided by 27?
17
What is the remainder when 8282 is divided by 33?
32
Calculate the remainder when 15032 is divided by 21.
17
What is the remainder when 3653 is divided by 21?
20
What is the remainder when 111 is divided by 42?
27
What is the remainder when 1187 is divided by 4?
3
Calculate the remainder when 30623 is divided by 62.
57
Calculate the remainder when 859 is divided by 418.
23
Calculate the remainder when 303 is divided by 6.
3
What is the remainder when 109 is divided by 22?
21
Calculate the remainder when 382 is divided by 11.
8
Calculate the remainder when 54 is divided by 19.
16
Calculate the remainder when 3152 is divided by 13.
6
Calculate the remainder when 148 is divided by 98.
50
Calculate the remainder when 725 is divided by 22.
21
What is the remainder when 37 is divided by 14?
9
What is the remainder when 2446 is divided by 19?
14
What is the remainder when 17 is divided by 1?
0
What is the remainder when 2317 is divided by 11?
7
Calculate the remainder when 3261 is divided by 49.
27
What is the remainder when 899 is divided by 36?
35
What is the remainder when 116 is divided by 26?
12
What is the remainder when 197 is divided by 33?
32
Calculate the remainder when 95 is divided by 8.
7
What is the remainder when 35 is divided by 20?
15
What is the remainder when 347 is divided by 21?
11
What is the remainder when 420 is divided by 103?
8
Calculate the remainder when 2782 is divided by 49.
38
What is the remainder when 107 is divided by 22?
19
Calculate the remainder when 828 is divided by 13.
9
What is the remainder when 43 is divided by 32?
11
Calculate the remainder when 105 is divided by 31.
12
Calculate the remainder when 3897 is divided by 354.
3
What is the remainder when 233 is divided by 32?
9
Calculate the remainder when 498 is divided by 71.
1
Calculate the remainder when 1078 is divided by 108.
106
What is the remainder when 17109 is divided by 58?
57
Calculate the remainder when 104 is divided by 26.
0
What is the remainder when 1544 is divided by 15?
14
What is the remainder when 345 is divided by 96?
57
What is the remainder when 1157 is divided by 145?
142
What is the remainder when 449 is divided by 44?
9
What is the remainder when 58 is divided by 22?
14
What is the remainder when 92 is divided by 37?
18
What is the remainder when 117 is divided by 5?
2
What is the remainder when 454 is divided by 114?
112
What is the remainder when 9150 is divided by 88?
86
What is the remainder when 6818 is divided by 31?
29
What is the remainder when 17723 is divided by 28?
27
What is the remainder when 867 is divided by 55?
42
Calculate the remainder when 678 is divided by 68.
66
Calculate the remainder when 125 is divided by 29.
9
What is the remainder when 73 is divided by 12?
1
What is the remainder when 1184 is divided by 15?
14
What is the remainder when 60 is divided by 27?
6
Calculate the remainder when 21 is divided by 16.
5
Calculate the remainder when 490 is divided by 86.
60
What is the remainder when 2467 is divided by 5?
2
Calculate the remainder when 167 is divided by 34.
31
What is the remainder when 97 is divided by 8?
1
Calculate the remainder when 2609 is divided by 90.
89
Calculate the remainder when 186 is divided by 25.
11
Calculate the remainder when 178 is divided by 47.
37
Calculate the remainder when 994 is divided by 44.
26
Calculate the remainder when 669 is divided by 11.
9
What is the remainder when 44 is divided by 25?
19
What is the remainder when 274 is divided by 4?
2
Calculate the remainder when 207 is divided by 43.
35
Calculate the remainder when 42 is divided by 11.
9
What is the remainder when 7 is divided by 3?
1
Calculate the remainder when 2571 is divided by 161.
156
Calculate the remainder when 704 is divided by 87.
8
Calculate the remainder when 181 is divided by 23.
20
What is the remainder when 557 is divided by 540?
17
What is the remainder when 1250 is divided by 574?
102
Calculate the remainder when 237 is divided by 16.
13
What is the remainder when 37 is divided by 26?
11
Calculate the remainder when 158 is divided by 121.
37
What is the remainder when 1715 is divided by 51?
32
Calculate the remainder when 1971 is divided by 141.
138
What is the remainder when 137 is divided by 10?
7
What is the remainder when 6467 is divided by 35?
27
Calculate the remainder when 9447 is divided by 75.
72
What is the remainder when 462 is divided by 234?
228
Calculate the remainder when 800 is divided by 266.
2
Calculate the remainder when 436 is divided by 88.
84
What is the remainder when 446 is divided by 125?
71
What is the remainder when 463 is divided by 31?
29
Calculate the remainder when 191 is divided by 98.
93
Calculate the remainder when 270 is divided by 34.
32
What is the remainder when 1084 is divided by 92?
72
What is the remainder when 663 is divided by 18?
15
What is the remainder when 211 is divided by 72?
67
Calculate the remainder when 330 is divided by 167.
163
What is the remainder when 1276 is divided by 20?
16
Calculate the remainder when 61 is divided by 21.
19
What is the remainder when 39 is divided by 11?
6
What is the remainder when 1301 is divided by 62?
61
What is the remainder when 587 is divided by 19?
17
Calculate the remainder when 156 is divided by 3.
0
Calculate the remainder when 4103 is divided by 54.
53
What is the remainder when 499 is divided by 100?
99
What is the remainder when 1351 is divided by 41?
39
What is the remainder when 12691 is divided by 19?
18
What is the remainder when 934 is divided by 55?
54
What is the remainder when 53 is divided by 34?
19
Calculate the remainder when 95 is divided by 32.
31
Calculate the remainder when 370 is divided by 33.
7
Calculate the remainder when 82 is divided by 29.
24
What is the remainder when 1293 is divided by 498?
297
Calculate the remainder when 585 is divided by 117.
0
Calculate the remainder when 1859 is divided by 12.
11
What is the remainder when 157 is divided by 100?
57
Calculate the remainder when 428 is divided by 414.
14
What is the remainder when 499 is divided by 106?
75
Calculate the remainder when 245 is divided by 19.
17
What is the remainder when 151 is divided by 19?
18
What is the remainder when 46 is divided by 14?
4
What is the remainder when 659 is divided by 120?
59
What is the remainder when 1166 is divided by 10?
6
Calculate the remainder when 3665 is divided by 731.
10
What is the remainder when 169 is divided by 64?
41
What is the remainder when 18244 is divided by 33?
28
Calculate the remainder when 61 is divided by 49.
12
What is the remainder when 34497 is divided by 50?
47
What is the remainder when 547 is divided by 6?
1
What is the remainder when 246 is divided by 36?
30
Calculate the remainder when 602 is divided by 76.
70
What is the remainder when 167 is divided by 53?
8
What is the remainder when 1735 is divided by 50?
35
Calculate the remainder when 1508 is divided by 7.
3
Calculate the remainder when 241 is divided by 80.
1
What is the remainder when 333 is divided by 93?
54
What is the remainder when 7167 is divided by 14?
13
Calculate the remainder when 81 is divided by 6.
3
What is the remainder when 5470 is divided by 19?
17
Calculate the remainder when 460 is divided by 42.
40
What is the remainder when 69 is divided by 24?
21
What is the remainder when 506 is divided by 85?
81
What is the remainder when 403 is divided by 110?
73
Calculate the remainder when 292 is divided by 143.
6
Calculate the remainder when 1276 is divided by 128.
124
Calculate the remainder when 558 is d